se
Is 7702618 a multiple of 47?
False
Does 1094 divide 231381000?
True
Does 6 divide 1045917515?
False
Does 136 divide 2145672?
True
Is 664 a factor of 17535259?
False
Is 215 a factor of 2096394480?
True
Is 14 a factor of 20087855?
False
Is 11571940 a multiple of 10?
True
Does 25 divide 12062050?
True
Does 15 divide 271872750?
True
Is 51722690 a multiple of 179?
False
Is 464694624 a multiple of 3?
True
Does 126 divide 130100040?
True
Is 7426425 a multiple of 1193?
True
Does 64 divide 8150720?
True
Is 263184900 a multiple of 12?
True
Is 109444641 a multiple of 3322?
False
Is 20 a factor of 311024011?
False
Is 162782916 a multiple of 5602?
True
Does 3886 divide 120466000?
True
Does 65 divide 1065427?
False
Is 4 a factor of 4026580?
True
Does 13 divide 722584174?
True
Is 177 a factor of 414021106?
False
Is 85244175 a multiple of 17?
False
Is 537670980 a multiple of 5?
True
Is 2791 a factor of 30404494?
False
Is 87 a factor of 47881146?
True
Does 703 divide 139115967?
True
Does 10 divide 508745801?
False
Is 76 a factor of 31651264?
True
Is 5007231995 a multiple of 3845?
True
Does 3043 divide 106550288?
False
Is 30 a factor of 80308699?
False
Does 173 divide 73974175?
False
Does 62 divide 24516459?
False
Is 29 a factor of 2672639?
False
Does 84 divide 499030577?
False
Is 1138 a factor of 18080651?
False
Does 38 divide 281759713?
False
Is 6105742 a multiple of 43?
True
Does 393 divide 364188707?
False
Does 32 divide 35633824?
True
Does 406 divide 1495542818?
True
Is 1624 a factor of 18566064?
False
Is 633 a factor of 47928503?
False
Is 512 a factor of 157339136?
True
Does 12 divide 24181164?
True
Does 178 divide 47311345?
False
Does 695 divide 47927824?
False
Is 25768877 a multiple of 261?
False
Does 671 divide 3577061?
False
Is 19518492 a multiple of 1878?
False
Is 1230482775 a multiple of 19249?
False
Is 2325683932 a multiple of 44?
True
Is 419525774 a multiple of 35?
False
Is 12143 a factor of 3326161988?
True
Is 3 a factor of 16894606?
False
Does 4 divide 158195?
False
Is 1330 a factor of 1157714582?
False
Is 11 a factor of 59966544?
True
Is 3722 a factor of 230357829?
False
Does 2146 divide 1479982462?
True
Does 23 divide 918367015?
False
Is 225 a factor of 659415726?
False
Is 50658816 a multiple of 3776?
True
Is 2351920522 a multiple of 1226?
False
Is 168243559 a multiple of 105?
False
Does 708 divide 180917206?
False
Is 97734560 a multiple of 80?
True
Does 126 divide 632280978?
True
Does 224 divide 40858048?
True
Is 137 a factor of 1472406952?
True
Is 39 a factor of 7669545?
True
Is 113795102 a multiple of 11?
False
Is 13118614 a multiple of 27?
False
Does 148 divide 219398160?
True
Is 71739531 a multiple of 423?
True
Does 397 divide 543665050?
False
Is 155 a factor of 17071844?
False
Is 340779470 a multiple of 2382?
False
Is 382824585 a multiple of 3158?
False
Is 232 a factor of 268668296?
True
Is 27496271 a multiple of 696?
False
Does 3 divide 14625887?
False
Is 23 a factor of 94106618?
False
Is 2732 a factor of 246135091?
False
Is 39 a factor of 820371079?
False
Is 3973 a factor of 766018238?
True
Is 570 a factor of 2763360?
True
Is 325641342 a multiple of 39?
True
Is 296 a factor of 77066560?
True
Is 71631063 a multiple of 63?
True
Does 276 divide 153529416?
True
Does 4389 divide 1532630022?
True
Is 17 a factor of 3966156?
False
Does 4 divide 90204564?
True
Is 752 a factor of 9923392?
True
Is 598 a factor of 22685130?
True
Is 56340912 a multiple of 47?
False
Does 809 divide 1555565648?
False
Is 173688280 a multiple of 40?
True
Does 49 divide 180864765?
False
Is 28 a factor of 1985200?
True
Is 733403422 a multiple of 357?
False
Is 785257 even?
False
Is 17 a factor of 5177010?
True
Does 13 divide 2039898497?
True
Is 1991 a factor of 524381616?
True
Is 21 a factor of 170053821?
True
Is 10 a factor of 257200740?
True
Is 19588056 a multiple of 8?
True
Is 109 a factor of 106595499?
False
Does 2047 divide 1042731620?
False
Is 17 a factor of 51068306?
True
Is 1372788 a multiple of 669?
True
Is 1722228 a multiple of 12?
True
Is 916 a factor of 368497097?
False
Is 31 a factor of 2956981?
False
Does 55 divide 15565?
True
Is 6091605 a multiple of 401?
False
Is 13 a factor of 93911688?
True
Is 67 a factor of 1463280?
True
Is 1931 a factor of 55789182?
False
Is 21 a factor of 4394013550?
False
Is 1103822832 a multiple of 108?
False
Is 119467255 a multiple of 233?
True
Is 3 a factor of 564135007?
False
Is 58 a factor of 653802796?
True
Does 6 divide 15784536?
True
Does 8 divide 339964484?
False
Is 3925 a factor of 109538900?
True
Is 39 a factor of 18172557?
True
Is 1203 a factor of 41102603?
False
Does 43 divide 31726045?
True
Is 654330950 a multiple of 91?
True
Does 1058 divide 444306042?
True
Does 4461 divide 559980408?
True
Is 553 a factor of 214213398?
True
Is 5382825 a multiple of 175?
True
Is 2884168077 a multiple of 49?
True
Is 3094 a factor of 1123134376?
True
Does 116 divide 11200264?
True
Is 5 a factor of 1337705?
True
Is 47373053 a multiple of 91?
True
Is 8239346 a multiple of 715?
False
Is 11 a factor of 584780856?
True
Is 7188656936 a multiple of 1180?
False
Is 8135 a factor of 2503067441?
False
Does 1043 divide 157135691?
False
Is 104211621 a multiple of 477?
True
Does 115 divide 43030025?
False
Does 92 divide 209318308?
True
Does 69 divide 26361645?
False
Is 47 a factor of 15406340?
False
Is 3607 a factor of 54162712?
True
Is 11992437 a multiple of 7979?
True
Does 10768 divide 1725941530?
False
Is 226664428 a multiple of 77?
False
Is 6 a factor of 69160429?
False
Does 673 divide 30777636?
True
Does 31 divide 26650886?
True
Does 29 divide 410127273?
False
Does 5 divide 74278146?
False
Does 102 divide 843599067?
False
Is 1189 a factor of 32880606?
True
Is 1378416163 a multiple of 32?
False
Does 9 divide 84227122?
False
Is 12469660 a multiple of 140?
True
Is 524004417 a multiple of 251?
True
Is 30 a factor of 10740570?
True
Is 1262 a factor of 45300752?
True
Is 11491672 a multiple of 106?
True
Is 558 a factor of 43350462?
True
Is 132729131 a multiple of 71?
False
Is 4701592 even?
True
Does 185 divide 61310295?
True
Does 7 divide 93003933?
False
Does 459 divide 4652673073?
False
Is 11 a factor of 69855016?
True
Is 1505642360 a multiple of 20?
True
Is 52336562 a multiple of 39?
False
Is 15417 a factor of 7978047335?
False
Does 192 divide 1115342976?
True
Is 137 a factor of 203268228?
False
Is 7 a factor of 40284405?
True
Is 37 a factor of 747753785?
False
Does 104 divide 53765827?
False
Does 2 divide 171756?
True
Does 222 divide 252207850?
False
Does 858 divide 89056110?
True
Does 13 divide 60476832?
True
Does 1026 divide 1145062827?
False
Does 142 divide 297100791?
False
Is 1076081587 a multiple of 189?
False
Is 1134 a factor of 4705552449?
False
Does 4627 divide 343591766?
True
Does 3 divide 51027749?
False
Is 20276046 a multiple of 217?
True
Does 672 divide 475776?
True
Is 172 a factor of 9247048?
False
Does 11303 divide 5672095361?
False
Does 5292 divide 480437673?
False
Is 1804 a factor of 542543980?
True
Does 10 divide 831775340?
True
Does 3 divide 38987647?
False
Does 3 divide 181040330?
False
Is 8174 a factor of 629994702?
True
Is 4 a factor of 267444460?
True
Is 24 a factor of 1687857264?
True
Does 300 divide 39597679?
False
Is 24 a factor of 1330936645?
False
Is 2728 a factor of 90676628?
False
Does 2964 divide 1049671343?
False
Does 35 divide 14574017?
False
Does 156 divide 14222520?
True
Is 13728350 a multiple of 5?
True
Is 662 a factor of 1604705262?
False
Is 193 a factor of 14605678?
False
Is 1265 a factor of 251137920?
True
Is 37718269 a multiple of 30?
False
Does 1362 divide 529751464?
False
Is 82707165 a multiple of 15?
True
Is 10 a factor of 15901939?
False
Is 451785314 a multiple of 2?
True
Does 20 divide 27322320?
True
Is 65767050 a multiple of 102?
True
Is 39 a factor of 33394250?
False
Is 15 a factor of 686503032?
False
Is 12 a factor of 64816474?
False
Does 799 divide 3288413139?
True
Is 277094554 a multiple of 253?
False
Is 91 a factor of 13840877?
False
Does 4082 divide 85129641?
False
Is 155 a factor of 313325685?
False
Does 4 divide 10787888?
True
Is 6 a factor of 210395790?
True
Does 14 divide 18461786?
True
Is 472827144 a multiple of 5217?
True
Is 1504464 a multiple of 12?
True
Is 1889 a factor of 6270736?
Fal